 of 53?
3
What is the tens digit of 9285?
8
What is the hundreds digit of 12837?
8
What is the tens digit of 1520?
2
What is the tens digit of 2328?
2
What is the units digit of 81774?
4
What is the units digit of 11622?
2
What is the tens digit of 2907?
0
What is the hundreds digit of 17584?
5
What is the thousands digit of 9182?
9
What is the units digit of 36344?
4
What is the hundreds digit of 1136?
1
What is the hundreds digit of 41196?
1
What is the units digit of 110?
0
What is the hundreds digit of 442?
4
What is the hundreds digit of 11899?
8
What is the tens digit of 747?
4
What is the thousands digit of 1967?
1
What is the tens digit of 1571?
7
What is the thousands digit of 32608?
2
What is the units digit of 110236?
6
What is the ten thousands digit of 68248?
6
What is the units digit of 5846?
6
What is the units digit of 682?
2
What is the units digit of 523?
3
What is the tens digit of 378?
7
What is the thousands digit of 1742?
1
What is the tens digit of 68?
6
What is the hundreds digit of 42291?
2
What is the units digit of 1025?
5
What is the hundreds digit of 2421?
4
What is the hundreds digit of 341?
3
What is the thousands digit of 6634?
6
What is the ten thousands digit of 22094?
2
What is the thousands digit of 7782?
7
What is the tens digit of 1955?
5
What is the thousands digit of 11109?
1
What is the hundreds digit of 8585?
5
What is the units digit of 8822?
2
What is the hundreds digit of 262?
2
What is the hundreds digit of 1180?
1
What is the thousands digit of 3687?
3
What is the ten thousands digit of 19197?
1
What is the tens digit of 10?
1
What is the hundreds digit of 101934?
9
What is the units digit of 636?
6
What is the units digit of 184?
4
What is the tens digit of 5610?
1
What is the tens digit of 7646?
4
What is the thousands digit of 1754?
1
What is the thousands digit of 79179?
9
What is the units digit of 11212?
2
What is the hundreds digit of 29036?
0
What is the hundreds digit of 6690?
6
What is the tens digit of 4925?
2
What is the tens digit of 382?
8
What is the tens digit of 46832?
3
What is the thousands digit of 45494?
5
What is the tens digit of 71021?
2
What is the tens digit of 1149?
4
What is the thousands digit of 33136?
3
What is the thousands digit of 20979?
0
What is the thousands digit of 2238?
2
What is the ten thousands digit of 29102?
2
What is the hundreds digit of 405?
4
What is the tens digit of 4225?
2
What is the tens digit of 175619?
1
What is the tens digit of 9261?
6
What is the hundreds digit of 745?
7
What is the hundreds digit of 11207?
2
What is the units digit of 17094?
4
What is the units digit of 169310?
0
What is the hundreds digit of 964?
9
What is the tens digit of 6410?
1
What is the hundreds digit of 227?
2
What is the tens digit of 8810?
1
What is the units digit of 7173?
3
What is the hundred thousands digit of 140498?
1
What is the thousands digit of 5048?
5
What is the hundreds digit of 12943?
9
What is the hundreds digit of 142385?
3
What is the thousands digit of 6521?
6
What is the hundreds digit of 459?
4
What is the hundreds digit of 72998?
9
What is the units digit of 8169?
9
What is the tens digit of 4220?
2
What is the hundreds digit of 629?
6
What is the units digit of 3563?
3
What is the units digit of 674?
4
What is the hundreds digit of 767?
7
What is the tens digit of 1363?
6
What is the units digit of 7735?
5
What is the hundreds digit of 227?
2
What is the units digit of 82580?
0
What is the units digit of 592?
2
What is the units digit of 49?
9
What is the thousands digit of 17614?
7
What is the tens digit of 3089?
8
What is the units digit of 18649?
9
What is the tens digit of 439?
3
What is the thousands digit of 25081?
5
What is the thousands digit of 4268?
4
What is the units digit of 4?
4
What is the hundreds digit of 2586?
5
What is the tens digit of 2491?
9
What is the tens digit of 9247?
4
What is the units digit of 19284?
4
What is the tens digit of 121840?
4
What is the hundreds digit of 3980?
9
What is the tens digit of 32933?
3
What is the ten thousands digit of 90633?
9
What is the hundreds digit of 3527?
5
What is the thousands digit of 2461?
2
What is the thousands digit of 28654?
8
What is the units digit of 142?
2
What is the units digit of 3832?
2
What is the hundreds digit of 1089?
0
What is the ten thousands digit of 97424?
9
What is the thousands digit of 1400?
1
What is the thousands digit of 1353?
1
What is the units digit of 1704?
4
What is the hundreds digit of 1451?
4
What is the thousands digit of 11383?
1
What is the tens digit of 47015?
1
What is the tens digit of 785?
8
What is the thousands digit of 60250?
0
What is the tens digit of 1436?
3
What is the tens digit of 130?
3
What is the thousands digit of 5424?
5
What is the thousands digit of 21027?
1
What is the units digit of 8648?
8
What is the tens digit of 24049?
4
What is the tens digit of 62?
6
What is the hundreds digit of 9906?
9
What is the tens digit of 1165?
6
What is the ten thousands digit of 55925?
5
What is the hundreds digit of 2116?
1
What is the tens digit of 6309?
0
What is the units digit of 58483?
3
What is the units digit of 1652?
2
What is the tens digit of 239?
3
What is the units digit of 3509?
9
What is the hundred thousands digit of 164152?
1
What is the hundreds digit of 2612?
6
What is the ten thousands digit of 37659?
3
What is the tens digit of 54?
5
What is the thousands digit of 37203?
7
What is the ten thousands digit of 24766?
2
What is the tens digit of 2597?
9
What is the tens digit of 1121?
2
What is the units digit of 2586?
6
What is the thousands digit of 1492?
1
What is the hundreds digit of 1990?
9
What is the hundreds digit of 362?
3
What is the units digit of 26?
6
What is the hundreds digit of 527?
5
What is the units digit of 197532?
2
What is the tens digit of 787?
8
What is the units digit of 1039?
9
What is the thousands digit of 5707?
5
What is the units digit of 22847?
7
What is the units digit of 23903?
3
What is the hundreds digit of 2460?
4
What is the hundreds digit of 12563?
5
What is the hundreds digit of 310?
3
What is the hundreds digit of 12603?
6
What is the units digit of 577?
7
What is the hundreds digit of 50746?
7
What is the hundreds digit of 1592?
5
What is the tens digit of 7148?
4
What is the tens digit of 2395?
9
What is the units digit of 2456?
6
What is the hundreds digit of 5820?
8
What is the ten thousands digit of 52535?
5
What is the units digit of 401?
1
What is the hundreds digit of 98724?
7
What is the units digit of 1698?
8
What is the units digit of 147305?
5
What is the thousands digit of 1700?
1
What is the ten thousands digit of 10847?
1
What is the tens digit of 126034?
3
What is the units digit of 12940?
0
What is the tens digit of 9606?
0
What is the tens digit of 19596?
9
What is the hundreds digit of 48372?
3
What is the ten thousands digit of 14156?
1
What is the thousands digit of 50670?
0
What is the units digit of 286?
6
What is the thousands digit of 2446?
2
What is the units digit of 24156?
6
What is the tens digit of 3407?
0
What is the units digit of 5036?
6
What is the hundreds digit of 5122?
1
What is the units digit of 667?
7
What is the ten thousands digit of 10058?
1
What is the tens digit of 167466?
6
What is the hundreds digit of 5520?
5
What is the thousands digit of 163415?
3
What is the units digit of 768?
8
What is the hundreds digit of 761?
7
What is the thousands digit of 3230?
3
What is the ten thousands digit of 42716?
4
What is the units digit of 4096?
6
What is the hundreds digit of 1209?
2
What is the tens digit of 1903?
0
What is the units digit of 3727?
7
What is the tens digit of 35833?
3
What is the tens digit of 2554?
5
What is the units digit of 5993?
3
What is the units digit of 1344?
4
What is the tens digit of 2518?
1
What is the units digit of 2775?
5
What is the tens digit of 17900?
0
What is the thousands digit of 32430?
2
What is the thousands digit of 3416?
3
What is the thousands digit of 15532?
5
What is the units digit of 10255?
5
What is the units digit of 268?
8
What is the tens digit of 112?
1
What is the tens digit of 155?
5
What is the tens digit of 1404?
0
What is the ten thousands digit of 66553?
6
What is the units d